{"id":97,"date":"2020-04-05T13:04:56","date_gmt":"2020-04-05T13:04:56","guid":{"rendered":"http:\/\/jana-scheerer.de\/?page_id=97"},"modified":"2024-10-25T12:39:24","modified_gmt":"2024-10-25T12:39:24","slug":"aktuell","status":"publish","type":"page","link":"https:\/\/jana-scheerer.de\/?page_id=97","title":{"rendered":"Aktuell"},"content":{"rendered":"\n<h2 class=\"wp-block-heading\">Lesungen aus &#8222;Die Rassistin&#8220;<\/h2>\n\n\n\n<p>13.03.2024 Lesung Tukan-Kreis, M\u00fcnchen, <a href=\"https:\/\/literaturradiohoerbahn.com\/jana-scheerer-liest-aus-ihrem-roman-die-rassistin-tukan-kreis\/\">hier<\/a> zum Nachh\u00f6ren<\/p>\n\n\n\n<p>08.04.2024 24. Boltenhagener B\u00fccherfr\u00fchling, Lesung 19:30 Uhr, Aura-Hotel Ostseeperlen<\/p>\n\n\n\n<p>09.04.2024 Boltenhagener B\u00fccherfr\u00fchling, Portraitgespr\u00e4ch 09:30 Uhr<\/p>\n\n\n\n<p>15.04.2024 <a href=\"https:\/\/hlfm.de\/events\/lydia-lewitsch-jana-scheerer\/\">LYDIA LEWITSCH &amp; JANA SCHEERER Skandal!<\/a> Lesung und Gespr\u00e4ch 19:30, Hessisches Literaturforum im Mousonturm e.V.<\/p>\n\n\n\n<p>07.05.2024 <a href=\"https:\/\/moritzhof-magdeburg.de\/jana-scherrer-die-rassistin-lesung-gespraech\/\">Moritzhof Magdeburg<\/a>, HofGalerie, Lesung 19:00 Uhr, freier Eintritt<\/p>\n\n\n\n<p>18.06.2024 <a href=\"https:\/\/literaturhauskassel.de\/events\/jana-scherer-brdie-rassistin\/\">Literaturhaus Kassel<\/a>, Lesung 19:30 Uhr<\/p>\n\n\n\n<p>27.06.2024 <a href=\"https:\/\/www.koeppenhaus.de\">Koeppenhaus Literaturzentrum Vorpommern<\/a>, Lesung 20 Uhr, Eintritt 6 Euro&nbsp;<\/p>\n\n\n\n<p>18.09.2024 &#8222;Vor der Zerrei\u00dfprobe&#8220;, Literaturhaus Villa Clementine, Wiesbaden<\/p>\n\n\n\n<p>21.10.2024 Lesung im Rahmen der Vorlesungsreihe &#8222;Deutsche Literatur der Gegenwart&#8220;, Uni Paderborn 16:15 Uhr<\/p>\n\n\n\n<p>21.11.2024 <a href=\"https:\/\/www.fuerth.de\/kultur-freizeit\/veranstaltungen-termine\/veranstaltungskalender\/veranstaltungsdetails\/die-rassistin-2000-21-11-2024-283021\/#event-location\">Volksb\u00fccherei F\u00fcrth<\/a>, Innenstadtbibliothek Carl Friedrich Eckart Stiftung, 4. Stock, 20 Uhr<\/p>\n\n\n\n<hr class=\"wp-block-separator has-alpha-channel-opacity\"\/>\n\n\n\n<h2 class=\"wp-block-heading\"><strong>Am 08.06.2024 zu Gast bei <a href=\"https:\/\/www.ardmediathek.de\/video\/lesenswert\/neue-buecher-von-jana-scheerer-und-lene-albrecht\/swr\/Y3JpZDovL3N3ci5kZS9hZXgvbzIwNTYyNjE\">SWR Lesenswert <\/a><\/strong><\/h2>\n\n\n\n<hr class=\"wp-block-separator has-alpha-channel-opacity\"\/>\n\n\n\n<div class=\"wp-block-media-text alignwide is-stacked-on-mobile\"><figure class=\"wp-block-media-text__media\"><img loading=\"lazy\" decoding=\"async\" width=\"576\" height=\"1024\" src=\"https:\/\/jana-scheerer.de\/wp-content\/uploads\/2021\/04\/Glauser2-576x1024.jpg\" alt=\"\" class=\"wp-image-407 size-full\" srcset=\"https:\/\/jana-scheerer.de\/wp-content\/uploads\/2021\/04\/Glauser2-576x1024.jpg 576w, https:\/\/jana-scheerer.de\/wp-content\/uploads\/2021\/04\/Glauser2-169x300.jpg 169w, https:\/\/jana-scheerer.de\/wp-content\/uploads\/2021\/04\/Glauser2-768x1365.jpg 768w, https:\/\/jana-scheerer.de\/wp-content\/uploads\/2021\/04\/Glauser2-864x1536.jpg 864w, https:\/\/jana-scheerer.de\/wp-content\/uploads\/2021\/04\/Glauser2-1152x2048.jpg 1152w, https:\/\/jana-scheerer.de\/wp-content\/uploads\/2021\/04\/Glauser2-34x60.jpg 34w, https:\/\/jana-scheerer.de\/wp-content\/uploads\/2021\/04\/Glauser2-scaled.jpg 1441w\" sizes=\"(max-width: 576px) 100vw, 576px\" \/><\/figure><div class=\"wp-block-media-text__content\">\n<p class=\"has-medium-font-size\">&#8222;Geister sind unser Gesch\u00e4ft&#8220; hat den <a rel=\"noreferrer noopener\" href=\"https:\/\/www.das-syndikat.com\/glauser-preise-2\/hansjoerg-martin-preis\/4558-preistraegerin-des-glauser-2021-in-der-kategorie-kinderkrimi.html\" target=\"_blank\">Glauser-Preis 2021 des Syndikats<\/a> in der Kategorie Kinderbuch gewonnen!<\/p>\n\n\n\n<p>Aus der Begr\u00fcndung der Jury: &#8222;Dieser Kinderkrimi hat alles, was ein Detektivroman braucht. \u00dcberraschend, spannend, humorvoll und ziemlich clever. Die Protagonisten sind mit feinem Gesp\u00fcr und viel Liebe charakterisiert. Die jungen Detektive sind Kinder, die auch mal was falsch machen und Angst haben. Keine Superhelden, worin sie sich von vielen \u00e4hnlichen Titeln wohltuend unterscheiden. Die Autorin best\u00e4tigt mit diesem Kinderroman die Aussage: Lesen macht Spa\u00df! Bei diesem Buch ist das sogar noch untertrieben!&#8220;<\/p>\n<\/div><\/div>\n\n\n\n<p><\/p>\n\n\n\n<div class=\"wp-block-media-text alignwide is-stacked-on-mobile\"><figure class=\"wp-block-media-text__media\"><img loading=\"lazy\" decoding=\"async\" width=\"628\" height=\"1024\" src=\"http:\/\/jana-scheerer.de\/wp-content\/uploads\/2020\/07\/Das_Meer_Cover-4-628x1024.jpg\" alt=\"\" class=\"wp-image-400 size-full\" srcset=\"https:\/\/jana-scheerer.de\/wp-content\/uploads\/2020\/07\/Das_Meer_Cover-4-628x1024.jpg 628w, https:\/\/jana-scheerer.de\/wp-content\/uploads\/2020\/07\/Das_Meer_Cover-4-184x300.jpg 184w, https:\/\/jana-scheerer.de\/wp-content\/uploads\/2020\/07\/Das_Meer_Cover-4-768x1253.jpg 768w, https:\/\/jana-scheerer.de\/wp-content\/uploads\/2020\/07\/Das_Meer_Cover-4-942x1536.jpg 942w, https:\/\/jana-scheerer.de\/wp-content\/uploads\/2020\/07\/Das_Meer_Cover-4-1255x2048.jpg 1255w, https:\/\/jana-scheerer.de\/wp-content\/uploads\/2020\/07\/Das_Meer_Cover-4-37x60.jpg 37w, https:\/\/jana-scheerer.de\/wp-content\/uploads\/2020\/07\/Das_Meer_Cover-4.jpg 1535w\" sizes=\"(max-width: 628px) 100vw, 628px\" \/><\/figure><div class=\"wp-block-media-text__content\">\n<p class=\"has-medium-font-size\">Das Meer in meinem Zimmer ist im Juli 2020 <a rel=\"noreferrer noopener\" href=\"https:\/\/www.ndr.de\/kultur\/buch\/buchdesmonats\/NDR-Buch-des-Monats-Das-Meer-in-meinem-Zimmer,dasmeerinmeinemzimmer100.html\" target=\"_blank\">NDR Buch des Monats<\/a><\/p>\n<\/div><\/div>\n","protected":false},"excerpt":{"rendered":"<p>Lesungen aus &#8222;Die Rassistin&#8220; 13.03.2024 Lesung Tukan-Kreis, M\u00fcnchen, hier zum Nachh\u00f6ren 08.04.2024 24. Boltenhagener B\u00fccherfr\u00fchling, Lesung 19:30 Uhr, Aura-Hotel Ostseeperlen 09.04.2024 Boltenhagener B\u00fccherfr\u00fchling, Portraitgespr\u00e4ch 09:30 Uhr 15.04.2024 LYDIA LEWITSCH &amp; JANA SCHEERER Skandal! Lesung und Gespr\u00e4ch 19:30, Hessisches Literaturforum im Mousonturm e.V. 07.05.2024 Moritzhof Magdeburg, &hellip; <\/p>\n","protected":false},"author":1,"featured_media":0,"parent":0,"menu_order":0,"comment_status":"closed","ping_status":"closed","template":"","meta":{"footnotes":"","_links_to":"","_links_to_target":""},"class_list":["post-97","page","type-page","status-publish","hentry"],"_links":{"self":[{"href":"https:\/\/jana-scheerer.de\/index.php?rest_route=\/wp\/v2\/pages\/97"}],"collection":[{"href":"https:\/\/jana-scheerer.de\/index.php?rest_route=\/wp\/v2\/pages"}],"about":[{"href":"https:\/\/jana-scheerer.de\/index.php?rest_route=\/wp\/v2\/types\/page"}],"author":[{"embeddable":true,"href":"https:\/\/jana-scheerer.de\/index.php?rest_route=\/wp\/v2\/users\/1"}],"replies":[{"embeddable":true,"href":"https:\/\/jana-scheerer.de\/index.php?rest_route=%2Fwp%2Fv2%2Fcomments&post=97"}],"version-history":[{"count":38,"href":"https:\/\/jana-scheerer.de\/index.php?rest_route=\/wp\/v2\/pages\/97\/revisions"}],"predecessor-version":[{"id":585,"href":"https:\/\/jana-scheerer.de\/index.php?rest_route=\/wp\/v2\/pages\/97\/revisions\/585"}],"wp:attachment":[{"href":"https:\/\/jana-scheerer.de\/index.php?rest_route=%2Fwp%2Fv2%2Fmedia&parent=97"}],"curies":[{"name":"wp","href":"https:\/\/api.w.org\/{rel}","templated":true}]}}